937*b - 1805268. What is v(-202)?
6
Let j(p) = -51442*p - 73. What is j(0)?
-73
Let d(c) = 9*c**3 + 24*c**2 - 111*c - 64. Determine d(-6).
-478
Let l(k) = -249*k + 641. Determine l(4).
-355
Let x(q) = 2*q**3 + 19*q**2 - 55*q - 18. Calculate x(8).
1782
Let w(v) = -v**3 - 59*v**2 - 82*v + 374. What is w(2)?
-34
Let k(p) = -573*p - 846. What is k(-4)?
1446
Let y(x) = 12*x**2 + 1286*x + 10793. Determine y(-98).
13
Let j(u) = u**3 - 15*u**2 - 118*u + 732. What is j(19)?
-66
Let y(v) = 1711*v - 9424. What is y(6)?
842
Let q(z) = -10*z**2 - 107*z + 293. What is q(-13)?
-6
Let i(q) = 27*q**2 - 8*q - 3. Determine i(2).
89
Let f(d) = d**3 - 59*d**2 - 53*d - 51. Give f(60).
369
Let n(s) = -60370*s - 845178. What is n(-14)?
2
Let s(j) = -2*j**3 - 74*j**2 - 765*j - 14120. Calculate s(-32).
120
Let w(l) = -1119*l + 332262. Determine w(297).
-81
Let r(t) = 675*t - 129590. Give r(192).
10
Let b(o) = 13*o**3 + 64*o**2 + 38*o + 16. Determine b(-4).
56
Let j(c) = 3094*c - 959094. Determine j(310).
46
Let o(y) = 2*y**2 + 90*y - 1207. Give o(-56).
25
Let z(q) = -2*q**3 + 73*q**2 - 31*q + 2673. What is z(37)?
157
Let l(y) = -y**2 + 32*y + 3410. Give l(83).
-823
Let d(r) = 2*r**3 + 34*r**2 - 374*r - 741. What is d(-24)?
171
Let w(s) = 7*s**2 - 360*s + 695. Give w(2).
3
Let t(q) = 2*q**3 - 199*q**2 + 275*q + 1128. Determine t(98).
-734
Let i(b) = -196*b + 472. Determine i(2).
80
Let d(w) = -211*w**2 + 1930*w - 3970. What is d(6)?
14
Let m(f) = -1051*f - 6385. Determine m(-6).
-79
Let x(y) = -151*y + 15328. Determine x(103).
-225
Let f(k) = -6598*k + 33061. Determine f(5).
71
Let p(c) = c**3 - 4*c**2 - 105*c + 864. Calculate p(8).
280
Let a(c) = 40*c + 3238. Give a(-40).
1638
Let m(u) = 60600*u - 2121016. What is m(35)?
-16
Let z(n) = 2*n**3 - 503*n**2 - 204*n - 12135. Determine z(252).
-39
Let b(z) = -19*z**3 - 155*z**2 - 560*z - 4274. Give b(-8).
14
Let k(i) = i**2 + 87544*i + 2625418. What is k(-30)?
-2
Let r(y) = -9*y**3 + 148*y**2 - 94*y + 519. Determine r(16).
39
Let c(r) = -6*r**2 + 67*r + 106. What is c(-2)?
-52
Let t(r) = -2600*r - 41454. Calculate t(-16).
146
Let c(b) = -246*b + 230. Determine c(7).
-1492
Let j(a) = 139*a - 3241. Give j(24).
95
Let m(y) = 63*y**2 + 8100*y + 4708. Determine m(-128).
100
Let i(g) = 242*g - 20382. What is i(86)?
430
Let u(y) = 3*y**2 - 426*y + 14039. Determine u(91).
116
Let g(z) = 177*z + 3336. Determine g(-20).
-204
Let r(b) = -2*b**3 - 462*b**2 - 14*b - 3202. Determine r(-231).
32
Let u(v) = 14*v**2 - 63*v - 162. Give u(-9).
1539
Let v(a) = 371*a + 290241. What is v(-782)?
119
Let s(d) = 1014*d - 7029. Give s(7).
69
Let k(p) = -6*p**2 - 372*p + 54240. Give k(-131).
6
Let f(v) = 28633*v - 200463. Calculate f(7).
-32
Let x(n) = 87*n**2 - 1603*n - 9592. Determine x(-6).
3158
Let d(v) = 2*v**2 + 7*v + 42. What is d(14)?
532
Let s(l) = 6*l**2 - 1790*l + 2445. What is s(297)?
69
Let y(g) = 177*g + 69519. Give y(-393).
-42
Let o(d) = 3*d**2 - 24*d + 759. Calculate o(44).
5511
Let n(p) = 5*p**3 + 59*p**2 + 183*p - 2. Determine n(-5).
-67
Let u(z) = -48*z**3 + 41*z**2 - 332*z + 499. Calculate u(2).
-385
Let q(i) = -16074*i - 64297. Determine q(-4).
-1
Let y(a) = -2381*a**2 + 21319*a + 28. Calculate y(9).
-962
Let f(q) = 42*q**3 + 1934*q**2 + 248*q + 7111. Determine f(-46).
-65
Let u(h) = -126042*h + 2646871. What is u(21)?
-11
Let o(l) = 2384*l - 4502. Give o(2).
266
Let m(b) = -5102*b - 15123. Give m(-3).
183
Let a(y) = 186*y**3 + 55*y**2 - 194*y - 13. Give a(3).
4922
Let w(k) = k**2 + 23441*k + 608793. Determine w(-26).
3
Let j(p) = -p**3 - 2013*p**2 + 12113*p + 4. Calculate j(6).
-2
Let n(d) = -90*d - 2701. What is n(-22)?
-721
Let n(z) = 3*z**3 + 134*z**2 - 180*z + 56. Calculate n(-46).
-128
Let x(f) = 10*f**2 + 2195*f + 5434. Give x(-217).
9
Let s(t) = -9462*t + 936705. Calculate s(99).
-33
Let r(x) = -4*x**2 + 51*x + 4048. Calculate r(-26).
18
Let r(q) = -q**3 - 29*q**2 + 475*q + 12799. Determine r(-31).
-4
Let u(a) = 5*a**2 + 4655*a - 13957. Calculate u(3).
53
Let i(z) = 2*z**2 - 281*z - 7965. What is i(-24)?
-69
Let u(p) = -5*p**3 + 45*p + 46. Determine u(-9).
3286
Let r(m) = -361*m - 29. Determine r(-3).
1054
Let m(g) = -22228*g + 22219. What is m(1)?
-9
Let c(w) = w**3 + 71*w**2 - 388*w + 9. What is c(-76)?
617
Let j(d) = -408*d - 3258. What is j(-5)?
-1218
Let x(f) = f**3 + 144*f**2 + 664*f - 156. Determine x(-5).
-1
Let r(a) = a**2 + 51*a + 613. Calculate r(-19).
5
Let y(t) = 28*t**2 + 2133*t + 165. Give y(-76).
-215
Let k(t) = t**3 - 40*t**2 - 403*t + 17394. Calculate k(39).
156
Let a(g) = -53*g + 1605. Determine a(47).
-886
Let x(z) = -40890*z + 57. What is x(0)?
57
Let q(m) = 1734*m + 9730. Give q(-3).
4528
Let a(d) = -3*d**3 + 2599*d**2 + 1735*d - 948. Determine a(867).
-81
Let p(a) = -6023*a - 295132. Calculate p(-49).
-5
Let n(s) = 551*s + 4166. Determine n(-9).
-793
Let h(s) = 13787*s + 1640689. What is h(-119)?
36
Let l(f) = -13*f**3 + 326*f**2 - 614*f + 120. Give l(23).
281
Let u(q) = -19519*q**2 - 9369119*q + 477. What is u(-480)?
-3
Let g(f) = 10*f**3 + 2876*f**2 - 1209*f - 16424. What is g(-288)?
-8
Let y(d) = 629768*d - 1259541. Give y(2).
-5
Let d(b) = -6*b**3 - 810*b**2 - 7*b - 1683. Determine d(-135).
-738
Let x(z) = 5*z**2 + 404*z + 41. Calculate x(-82).
533
Let u(a) = 384608*a - 384628. Give u(1).
-20
Let g(t) = 594*t - 51370. What is g(86)?
-286
Let r(g) = 13*g**3 - 806*g**2 + 174. Determine r(62).
174
Let q(r) = 9*r**2 + 438*r - 42120. Calculate q(-97).
75
Let n(h) = -469*h - 298. Give n(-5).
2047
Let z(w) = w**3 - 88*w**2 - 1024*w + 706. Give z(-11).
-9
Let q(m) = -25*m**3 + 5*m**2 - 1346*m + 5397. Give q(4).
-1507
Let n(d) = 25*d**3 - 5*d**2 - 4295*d - 83. What is n(-13)?
-18
Let f(t) = 3*t**3 + 150*t**2 - 25*t - 98. What is f(-50)?
1152
Let w(p) = -144*p**2 + 33*p + 64. What is w(-2)?
-578
Let t(j) = 3*j**3 + 436*j**2 + 583*j + 1205. What is t(-144)?
197
Let l(j) = 2*j**2 - 68512*j - 1371060. What is l(-20)?
-20
Let y(j) = j**3 + 12*j**2 - 690*j - 84. What is y(21)?
-21
Let t(l) = 7*l**2 + 28*l - 302. Give t(8).
370
Let c(r) = -r**2 - 27*r + 560. Determine c(-46).
-314
Let x(n) = 2450*n + 2668. What is x(-1)?
218
Let m(w) = -64*w + 3847. What is m(70)?
-633
Let n(z) = z**3 - 88*z**2 - 3242*z - 627. Give n(116).
69
Let i(s) = 14*s**2 + 553*s - 10261. Determine i(14).
225
Let v(b) = -b**3 - 43*b**2 + 542*b - 166. What is v(-53)?
-802
Let m(y) = 6*y**2 - 32*y + 20. Give m(8).
148
Let x(s) = s**3 + 10*s**2 - 361*s - 3841. Give x(-11).
9
Let f(i) = 20*i**2 + 235*i + 651. Give f(-7).
-14
Let k(o) = o**3 + 27*o**2 - 233*o - 5072. Determine k(-29).
3
Let s(z) = -4*z**3 - 60*z**2 + 1079*z - 1686. What is s(-26)?
4
Let u(c) = c**3 + 216*c**2 + 378*c - 10764. Determine u(-214).
-64
Let h(w) = w**3 - 3*w**2 - 55*w + 72. Calculate h(8).
-48
Let m(z) = -3*z**3 + 27*z**2 + 454*z - 3790. What is m(8)?
34
Let h(c) = -1343*c**2 - 372034*c - 6371. Give h(-277).
0
Let s(r) = -170383*r + 340751. Give s(2).
-15
Let g(f) = -f**3 - 359*f**2 - 13023*f + 4507. Calculate g(-318).
-263
Let g(u) = -28*u**2 - 19077*u + 19081. What is g(1)?
-24
Let v(g) = -9*g**2 - 4325*g + 64345. Calculate v(-495).
-5
Let j(k) = -12*k**2 + 272*k - 36. Determine j(22).
140
Let h(y) = y**3 + 146*y**2 + 4931*y - 3390. Calculate h(-92).
14
Let s(b) = 3*b**2 - 76*b + 606. Determine s(40).
2366
Let f(k) = 7*k**2 - 165*k - 2517. Calculate f(34).
-35
Let b(v) = -24*v**2 + 632*v - 254. Calculate b(25).
546
Let f(r) = -15*r**2 + 778*r + 1547. Calculate f(-2).
-69
Let c(p) = -p**3 - 341*p**2 - 6118*p + 732. Determine c(-322).
732
Let p(g) = -358*g**2 + 6811*g - 25. Calculate p(19).
146
Let q(f) = f**3 - 22*f**2 - 39*f + 270. Calculate q(23).
-98
Let f(w) = -7112*w + 184926. Give f(26).
14
Let q(k) = 748*k - 726. Give q(1).
22
Let c(j) = 557*j - 20917. Determine c(37).
-308
Let t(w) = 2*w**2 + 1295*w + 52789. What is t(-604)?
241
Let n(p) = p**3 + 83*p**2 - 165*p - 13684. What is n(-83)?
11
Let k(p) = p**2 + 10*p - 7277. Give k(-93).
442
Let f(b) = 60575*b - 3271043. What is f(54)?
7
Let j(c) = -2*c**3 - 10*c**2 + 645*c + 2695. Calculate j(-4).
83
Let d(a) = 3630*a + 392885. Calculate d(-108).
845
Let f(n) = -178*n**3 + 1616*n**2 - 124*n - 13. What is f(9)?
5
Let i(n) = -n**3 + 151*n**2 - 2186*n - 14353. Give i(22).
-9
Let x(j) = -j**2 - 26693*j + 1524